{"id":142,"date":"2026-03-16T17:26:39","date_gmt":"2026-03-16T17:26:39","guid":{"rendered":"https:\/\/www.albedo-consulting.fr\/?page_id=142"},"modified":"2026-03-23T18:01:05","modified_gmt":"2026-03-23T18:01:05","slug":"142-2","status":"publish","type":"page","link":"https:\/\/www.albedo-consulting.fr\/?page_id=142","title":{"rendered":"Contact"},"content":{"rendered":"<style>.kb-row-layout-id142_0011df-38 > .kt-row-column-wrap{align-content:start;}:where(.kb-row-layout-id142_0011df-38 > .kt-row-column-wrap) > .wp-block-kadence-column{justify-content:start;}.kb-row-layout-id142_0011df-38 > .kt-row-column-wrap{column-gap:var(--global-kb-gap-lg, 4rem);row-gap:var(--global-kb-gap-none, 0rem );max-width:var( --global-content-width, 1320px );padding-left:var(--global-content-edge-padding);padding-right:var(--global-content-edge-padding);padding-top:var(--global-kb-spacing-xl, 4rem);padding-bottom:var(--global-kb-spacing-xl, 4rem);grid-template-columns:repeat(2, minmax(0, 1fr));}.kb-row-layout-id142_0011df-38{background-color:#fafaf8;}.kb-row-layout-id142_0011df-38 > .kt-row-layout-overlay{opacity:0.30;}@media all and (max-width: 1024px){.kb-row-layout-id142_0011df-38 > .kt-row-column-wrap{row-gap:var(--global-kb-gap-sm, 1rem);grid-template-columns:minmax(0, 1fr);}}@media all and (max-width: 767px){.kb-row-layout-id142_0011df-38 > .kt-row-column-wrap{row-gap:var(--global-kb-gap-sm, 1rem);grid-template-columns:minmax(0, 1fr);}}<\/style><div class=\"kb-row-layout-wrap kb-row-layout-id142_0011df-38 alignfull kt-row-has-bg wp-block-kadence-rowlayout\"><div class=\"kt-row-column-wrap kt-has-2-columns kt-row-layout-equal kt-tab-layout-row kt-mobile-layout-row kt-row-valign-top kb-theme-content-width\">\n<style>.kadence-column142_dd741e-51 > .kt-inside-inner-col,.kadence-column142_dd741e-51 > .kt-inside-inner-col:before{border-top-left-radius:0px;border-top-right-radius:0px;border-bottom-right-radius:0px;border-bottom-left-radius:0px;}.kadence-column142_dd741e-51 > .kt-inside-inner-col{column-gap:var(--global-kb-gap-sm, 1rem);}.kadence-column142_dd741e-51 > .kt-inside-inner-col{flex-direction:column;}.kadence-column142_dd741e-51 > .kt-inside-inner-col > .aligncenter{width:100%;}.kadence-column142_dd741e-51 > .kt-inside-inner-col:before{opacity:0.3;}.kadence-column142_dd741e-51{position:relative;}@media all and (max-width: 1024px){.kadence-column142_dd741e-51 > .kt-inside-inner-col{flex-direction:column;justify-content:center;}}@media all and (max-width: 767px){.kadence-column142_dd741e-51 > .kt-inside-inner-col{flex-direction:column;justify-content:center;}}<\/style>\n<div class=\"wp-block-kadence-column kadence-column142_dd741e-51 inner-column-1\"><div class=\"kt-inside-inner-col\"><style>.wp-block-kadence-advancedheading.kt-adv-heading142_168ef8-87, .wp-block-kadence-advancedheading.kt-adv-heading142_168ef8-87[data-kb-block=\"kb-adv-heading142_168ef8-87\"]{padding-bottom:var(--global-kb-spacing-sm, 1.5rem);margin-bottom:0px;font-size:var(--global-kb-font-size-xl, 3rem);line-height:1.2;font-weight:400;font-style:normal;font-family:'DM Serif Display';}.wp-block-kadence-advancedheading.kt-adv-heading142_168ef8-87 mark.kt-highlight, .wp-block-kadence-advancedheading.kt-adv-heading142_168ef8-87[data-kb-block=\"kb-adv-heading142_168ef8-87\"] mark.kt-highlight{font-style:normal;color:#f76a0c;-webkit-box-decoration-break:clone;box-decoration-break:clone;padding-top:0px;padding-right:0px;padding-bottom:0px;padding-left:0px;}.wp-block-kadence-advancedheading.kt-adv-heading142_168ef8-87 img.kb-inline-image, .wp-block-kadence-advancedheading.kt-adv-heading142_168ef8-87[data-kb-block=\"kb-adv-heading142_168ef8-87\"] img.kb-inline-image{width:150px;vertical-align:baseline;}<\/style>\n<h2 class=\"kt-adv-heading142_168ef8-87 wp-block-kadence-advancedheading has-theme-palette-3-color has-text-color\" data-kb-block=\"kb-adv-heading142_168ef8-87\">Contactez-moi.<\/h2>\n\n\n<style>.wp-block-kadence-advancedheading.kt-adv-heading142_c7def0-1f, .wp-block-kadence-advancedheading.kt-adv-heading142_c7def0-1f[data-kb-block=\"kb-adv-heading142_c7def0-1f\"]{font-style:normal;}.wp-block-kadence-advancedheading.kt-adv-heading142_c7def0-1f mark.kt-highlight, .wp-block-kadence-advancedheading.kt-adv-heading142_c7def0-1f[data-kb-block=\"kb-adv-heading142_c7def0-1f\"] mark.kt-highlight{font-style:normal;color:#f76a0c;-webkit-box-decoration-break:clone;box-decoration-break:clone;padding-top:0px;padding-right:0px;padding-bottom:0px;padding-left:0px;}.wp-block-kadence-advancedheading.kt-adv-heading142_c7def0-1f img.kb-inline-image, .wp-block-kadence-advancedheading.kt-adv-heading142_c7def0-1f[data-kb-block=\"kb-adv-heading142_c7def0-1f\"] img.kb-inline-image{width:150px;vertical-align:baseline;}<\/style>\n<p class=\"kt-adv-heading142_c7def0-1f wp-block-kadence-advancedheading has-theme-palette-3-color has-text-color\" data-kb-block=\"kb-adv-heading142_c7def0-1f\">Pour toute discussion autour d&#8217;une transformation, d&#8217;un projet IA ou d&#8217;une mission de conseil, \u00e9crivez-moi directement ou r\u00e9servez un cr\u00e9neau.<\/p>\n\n\n<style>.kb-row-layout-id142_4cc2f5-7c > .kt-row-column-wrap{align-content:start;}:where(.kb-row-layout-id142_4cc2f5-7c > .kt-row-column-wrap) > .wp-block-kadence-column{justify-content:start;}.kb-row-layout-id142_4cc2f5-7c > .kt-row-column-wrap{column-gap:var(--global-kb-gap-lg, 4rem);row-gap:var(--global-kb-gap-none, 0rem );max-width:var( --global-content-width, 1320px );padding-left:var(--global-content-edge-padding);padding-right:var(--global-content-edge-padding);padding-top:var(--global-kb-spacing-sm, 1.5rem);padding-bottom:var(--global-kb-spacing-sm, 1.5rem);grid-template-columns:repeat(2, minmax(0, 1fr));}.kb-row-layout-id142_4cc2f5-7c > .kt-row-layout-overlay{opacity:0.30;}@media all and (max-width: 1024px){.kb-row-layout-id142_4cc2f5-7c > .kt-row-column-wrap{grid-template-columns:repeat(2, minmax(0, 1fr));}}@media all and (max-width: 767px){.kb-row-layout-id142_4cc2f5-7c > .kt-row-column-wrap{grid-template-columns:minmax(0, 1fr);}}<\/style><div class=\"kb-row-layout-wrap kb-row-layout-id142_4cc2f5-7c alignwide wp-block-kadence-rowlayout\"><div class=\"kt-row-column-wrap kt-has-2-columns kt-row-layout-equal kt-tab-layout-inherit kt-mobile-layout-row kt-row-valign-top kb-theme-content-width\">\n<style>.kadence-column142_e29044-89 > .kt-inside-inner-col,.kadence-column142_e29044-89 > .kt-inside-inner-col:before{border-top-left-radius:0px;border-top-right-radius:0px;border-bottom-right-radius:0px;border-bottom-left-radius:0px;}.kadence-column142_e29044-89 > .kt-inside-inner-col{column-gap:var(--global-kb-gap-sm, 1rem);}.kadence-column142_e29044-89 > .kt-inside-inner-col{flex-direction:column;}.kadence-column142_e29044-89 > .kt-inside-inner-col > .aligncenter{width:100%;}.kadence-column142_e29044-89 > .kt-inside-inner-col:before{opacity:0.3;}.kadence-column142_e29044-89{position:relative;}@media all and (max-width: 1024px){.kadence-column142_e29044-89 > .kt-inside-inner-col{flex-direction:column;justify-content:center;}}@media all and (max-width: 767px){.kadence-column142_e29044-89 > .kt-inside-inner-col{flex-direction:column;justify-content:center;}}<\/style>\n<div class=\"wp-block-kadence-column kadence-column142_e29044-89\"><div class=\"kt-inside-inner-col\"><style>.kb-image142_e15589-9a.kb-image-is-ratio-size, .kb-image142_e15589-9a .kb-image-is-ratio-size{max-width:2693px;width:100%;}.wp-block-kadence-column > .kt-inside-inner-col > .kb-image142_e15589-9a.kb-image-is-ratio-size, .wp-block-kadence-column > .kt-inside-inner-col > .kb-image142_e15589-9a .kb-image-is-ratio-size{align-self:unset;}.kb-image142_e15589-9a{max-width:2693px;}.image-is-svg.kb-image142_e15589-9a{-webkit-flex:0 1 100%;flex:0 1 100%;}.image-is-svg.kb-image142_e15589-9a img{width:100%;}.kb-image142_e15589-9a img.kb-img, .kb-image142_e15589-9a .kb-img img{-webkit-mask-image:url(https:\/\/www.albedo-consulting.fr\/wp-content\/plugins\/kadence-blocks\/includes\/assets\/images\/masks\/circle.svg);mask-image:url(https:\/\/www.albedo-consulting.fr\/wp-content\/plugins\/kadence-blocks\/includes\/assets\/images\/masks\/circle.svg);-webkit-mask-size:auto;mask-size:auto;-webkit-mask-repeat:no-repeat;mask-repeat:no-repeat;-webkit-mask-position:center;mask-position:center;}<\/style>\n<figure class=\"wp-block-kadence-image kb-image142_e15589-9a size-full kb-image-is-ratio-size\"><div class=\"kb-is-ratio-image kb-image-ratio-port34\"><img loading=\"lazy\" decoding=\"async\" width=\"485\" height=\"640\" src=\"https:\/\/www.albedo-consulting.fr\/wp-content\/uploads\/2026\/03\/IMG_0079-1.jpeg\" alt=\"\" class=\"kb-img wp-image-164\" srcset=\"https:\/\/www.albedo-consulting.fr\/wp-content\/uploads\/2026\/03\/IMG_0079-1.jpeg 485w, https:\/\/www.albedo-consulting.fr\/wp-content\/uploads\/2026\/03\/IMG_0079-1-227x300.jpeg 227w\" sizes=\"auto, (max-width: 485px) 100vw, 485px\" \/><\/div><\/figure>\n<\/div><\/div>\n\n\n<style>.kadence-column142_90fc00-ac > .kt-inside-inner-col{display:flex;}.kadence-column142_90fc00-ac > .kt-inside-inner-col,.kadence-column142_90fc00-ac > .kt-inside-inner-col:before{border-top-left-radius:0px;border-top-right-radius:0px;border-bottom-right-radius:0px;border-bottom-left-radius:0px;}.kadence-column142_90fc00-ac > .kt-inside-inner-col{column-gap:var(--global-kb-gap-sm, 1rem);}.kadence-column142_90fc00-ac > .kt-inside-inner-col{flex-direction:column;justify-content:flex-start;align-items:center;}.kadence-column142_90fc00-ac > .kt-inside-inner-col > .kb-image-is-ratio-size{align-self:stretch;}.kadence-column142_90fc00-ac > .kt-inside-inner-col > .wp-block-kadence-advancedgallery{align-self:stretch;}.kadence-column142_90fc00-ac > .kt-inside-inner-col > .aligncenter{width:100%;}.kt-row-column-wrap > .kadence-column142_90fc00-ac{align-self:flex-start;}.kt-inner-column-height-full:not(.kt-has-1-columns) > .wp-block-kadence-column.kadence-column142_90fc00-ac{align-self:auto;}.kt-inner-column-height-full:not(.kt-has-1-columns) > .wp-block-kadence-column.kadence-column142_90fc00-ac > .kt-inside-inner-col{flex-direction:column;justify-content:flex-start;}.kadence-column142_90fc00-ac > .kt-inside-inner-col:before{opacity:0.3;}.kadence-column142_90fc00-ac{position:relative;}@media all and (max-width: 1024px){.kt-row-column-wrap > .kadence-column142_90fc00-ac{align-self:flex-start;}}@media all and (max-width: 1024px){.kt-inner-column-height-full:not(.kt-has-1-columns) > .wp-block-kadence-column.kadence-column142_90fc00-ac{align-self:auto;}}@media all and (max-width: 1024px){.kt-inner-column-height-full:not(.kt-has-1-columns) > .wp-block-kadence-column.kadence-column142_90fc00-ac > .kt-inside-inner-col{flex-direction:column;justify-content:flex-start;}}@media all and (max-width: 1024px){.kadence-column142_90fc00-ac > .kt-inside-inner-col{flex-direction:column;justify-content:flex-start;align-items:center;}}@media all and (max-width: 767px){.kt-row-column-wrap > .kadence-column142_90fc00-ac{align-self:flex-start;}.kt-inner-column-height-full:not(.kt-has-1-columns) > .wp-block-kadence-column.kadence-column142_90fc00-ac{align-self:auto;}.kt-inner-column-height-full:not(.kt-has-1-columns) > .wp-block-kadence-column.kadence-column142_90fc00-ac > .kt-inside-inner-col{flex-direction:column;justify-content:flex-start;}.kadence-column142_90fc00-ac > .kt-inside-inner-col{flex-direction:column;justify-content:flex-start;align-items:center;}}<\/style>\n<div class=\"wp-block-kadence-column kadence-column142_90fc00-ac\"><div class=\"kt-inside-inner-col\"><style>.kadence-column142_c48b21-9f > .kt-inside-inner-col,.kadence-column142_c48b21-9f > .kt-inside-inner-col:before{border-top-left-radius:0px;border-top-right-radius:0px;border-bottom-right-radius:0px;border-bottom-left-radius:0px;}.kadence-column142_c48b21-9f > .kt-inside-inner-col{column-gap:var(--global-kb-gap-sm, 1rem);}.kadence-column142_c48b21-9f > .kt-inside-inner-col{flex-direction:column;}.kadence-column142_c48b21-9f > .kt-inside-inner-col > .aligncenter{width:100%;}.kadence-column142_c48b21-9f > .kt-inside-inner-col:before{opacity:0.3;}.kadence-column142_c48b21-9f{position:relative;}@media all and (max-width: 1024px){.kadence-column142_c48b21-9f > .kt-inside-inner-col{flex-direction:column;justify-content:center;}}@media all and (max-width: 767px){.kadence-column142_c48b21-9f > .kt-inside-inner-col{flex-direction:column;justify-content:center;}}<\/style>\n<div class=\"wp-block-kadence-column kadence-column142_c48b21-9f\"><div class=\"kt-inside-inner-col\"><style>.wp-block-kadence-advancedheading.kt-adv-heading142_9c9e0f-0f, .wp-block-kadence-advancedheading.kt-adv-heading142_9c9e0f-0f[data-kb-block=\"kb-adv-heading142_9c9e0f-0f\"]{font-size:var(--global-kb-font-size-md, 1.25rem);font-weight:700;font-style:normal;font-family:'DM Sans';}.wp-block-kadence-advancedheading.kt-adv-heading142_9c9e0f-0f mark.kt-highlight, .wp-block-kadence-advancedheading.kt-adv-heading142_9c9e0f-0f[data-kb-block=\"kb-adv-heading142_9c9e0f-0f\"] mark.kt-highlight{font-style:normal;color:#f76a0c;-webkit-box-decoration-break:clone;box-decoration-break:clone;padding-top:0px;padding-right:0px;padding-bottom:0px;padding-left:0px;}.wp-block-kadence-advancedheading.kt-adv-heading142_9c9e0f-0f img.kb-inline-image, .wp-block-kadence-advancedheading.kt-adv-heading142_9c9e0f-0f[data-kb-block=\"kb-adv-heading142_9c9e0f-0f\"] img.kb-inline-image{width:150px;vertical-align:baseline;}@media all and (max-width: 767px){.wp-block-kadence-advancedheading.kt-adv-heading142_9c9e0f-0f, .wp-block-kadence-advancedheading.kt-adv-heading142_9c9e0f-0f[data-kb-block=\"kb-adv-heading142_9c9e0f-0f\"]{font-size:var(--global-kb-font-size-md, 1.25rem);}}<\/style>\n<h2 class=\"kt-adv-heading142_9c9e0f-0f wp-block-kadence-advancedheading\" data-kb-block=\"kb-adv-heading142_9c9e0f-0f\">Mathieu Jougla<\/h2>\n\n\n\n<p>Fondateur<\/p>\n\n\n<style>.kb-image142_7975cc-f2.kb-image-is-ratio-size, .kb-image142_7975cc-f2 .kb-image-is-ratio-size{max-width:61px;width:100%;}.wp-block-kadence-column > .kt-inside-inner-col > .kb-image142_7975cc-f2.kb-image-is-ratio-size, .wp-block-kadence-column > .kt-inside-inner-col > .kb-image142_7975cc-f2 .kb-image-is-ratio-size{align-self:unset;}.kb-image142_7975cc-f2{max-width:61px;}.image-is-svg.kb-image142_7975cc-f2{-webkit-flex:0 1 100%;flex:0 1 100%;}.image-is-svg.kb-image142_7975cc-f2 img{width:100%;}.kb-image142_7975cc-f2 .kb-image-has-overlay:after{opacity:0.3;}<\/style>\n<figure class=\"wp-block-kadence-image kb-image142_7975cc-f2 size-full\"><a href=\"https:\/\/www.linkedin.com\/in\/mathieujougla\/\" class=\"kb-advanced-image-link\"><img loading=\"lazy\" decoding=\"async\" width=\"635\" height=\"540\" src=\"https:\/\/www.albedo-consulting.fr\/wp-content\/uploads\/2026\/03\/LI-In-Bug.png\" alt=\"\" class=\"kb-img wp-image-166\" srcset=\"https:\/\/www.albedo-consulting.fr\/wp-content\/uploads\/2026\/03\/LI-In-Bug.png 635w, https:\/\/www.albedo-consulting.fr\/wp-content\/uploads\/2026\/03\/LI-In-Bug-300x255.png 300w\" sizes=\"auto, (max-width: 635px) 100vw, 635px\" \/><\/a><\/figure>\n<\/div><\/div>\n\n\n<style>.wp-block-kadence-advancedbtn.kb-btns142_185f6b-db{padding-top:var(--global-kb-spacing-sm, 1.5rem);gap:var(--global-kb-gap-xs, 0.5rem );justify-content:flex-start;align-items:center;}.kt-btns142_185f6b-db .kt-button{font-weight:normal;font-style:normal;}.kt-btns142_185f6b-db .kt-btn-wrap-0{margin-right:5px;}.wp-block-kadence-advancedbtn.kt-btns142_185f6b-db .kt-btn-wrap-0 .kt-button{color:#555555;border-color:#555555;}.wp-block-kadence-advancedbtn.kt-btns142_185f6b-db .kt-btn-wrap-0 .kt-button:hover, .wp-block-kadence-advancedbtn.kt-btns142_185f6b-db .kt-btn-wrap-0 .kt-button:focus{color:#ffffff;border-color:#444444;}.wp-block-kadence-advancedbtn.kt-btns142_185f6b-db .kt-btn-wrap-0 .kt-button::before{display:none;}.wp-block-kadence-advancedbtn.kt-btns142_185f6b-db .kt-btn-wrap-0 .kt-button:hover, .wp-block-kadence-advancedbtn.kt-btns142_185f6b-db .kt-btn-wrap-0 .kt-button:focus{background:#444444;}<\/style>\n<div class=\"wp-block-kadence-advancedbtn kb-buttons-wrap kb-btns142_185f6b-db\"><style>ul.menu .wp-block-kadence-advancedbtn .kb-btn142_04f3f9-36.kb-button{width:initial;}.wp-block-kadence-advancedbtn .kb-btn142_04f3f9-36.kb-button{color:var(--global-palette7, #EDF2F7);background:var(--global-palette1, #3182CE);}<\/style><span class=\"kb-button kt-button button kb-btn142_04f3f9-36 kt-btn-size-standard kt-btn-width-type-auto kb-btn-global-fill  kt-btn-has-text-true kt-btn-has-svg-false  wp-block-kadence-singlebtn\"><span class=\"kt-btn-inner-text\">R\u00e9servez un cr\u00e9neau<\/span><\/span><\/div>\n<\/div><\/div>\n\n<\/div><\/div><\/div><\/div>\n\n\n<style>.kadence-column142_302b7f-57 > .kt-inside-inner-col,.kadence-column142_302b7f-57 > .kt-inside-inner-col:before{border-top-left-radius:0px;border-top-right-radius:0px;border-bottom-right-radius:0px;border-bottom-left-radius:0px;}.kadence-column142_302b7f-57 > .kt-inside-inner-col{column-gap:var(--global-kb-gap-sm, 1rem);}.kadence-column142_302b7f-57 > .kt-inside-inner-col{flex-direction:column;}.kadence-column142_302b7f-57 > .kt-inside-inner-col > .aligncenter{width:100%;}.kadence-column142_302b7f-57 > .kt-inside-inner-col:before{opacity:0.3;}.kadence-column142_302b7f-57{position:relative;}@media all and (max-width: 1024px){.kadence-column142_302b7f-57 > .kt-inside-inner-col{flex-direction:column;justify-content:center;}}@media all and (max-width: 767px){.kadence-column142_302b7f-57 > .kt-inside-inner-col{flex-direction:column;justify-content:center;}}<\/style>\n<div class=\"wp-block-kadence-column kadence-column142_302b7f-57 inner-column-2\"><div class=\"kt-inside-inner-col\"><style>.wp-block-kadence-form.kadence-form-142_96e48d-58.kb-form-wrap{margin-top:var(--global-kb-spacing-xs, 1rem);}.kadence-form-142_96e48d-58 .kb-form .kadence-blocks-form-field .kb-text-style-field, .kadence-form-142_96e48d-58 .kb-form .kadence-blocks-form-field .kb-select-style-field{color:var(--global-palette4, #2D3748);background:var(--global-palette9, #ffffff);border-color:var(--global-palette6, #718096);}.kadence-form-142_96e48d-58 .kb-form .kadence-blocks-form-field > label{color:var(--global-palette3, #1A202C);}.kb-form input.kadence-blocks-field.verify{opacity:0.0;position:absolute;top:0.0;left:0.0;width:0.0;height:0.0;z-index:-1;}<\/style>\n<div class=\"wp-block-kadence-form kadence-form-142_96e48d-58 kb-form-wrap\"><form class=\"kb-form\" action=\"\" method=\"post\"><div class=\"kadence-blocks-form-field kb-field-desk-width-100 kb-input-size-standard\"><label for=\"kb_field_142_96e48d-58_0\">Nom &#8211; Pr\u00e9nom<span class=\"required\">*<\/span><\/label><input name=\"kb_field_0\" id=\"kb_field_142_96e48d-58_0\" data-label=\"Nom - Pr\u00e9nom\" type=\"text\" placeholder=\"\" value=\"\" data-type=\"text\" class=\"kb-field kb-text-style-field kb-text-field kb-field-0\" data-required=\"yes\"\/><\/div><div class=\"kadence-blocks-form-field kb-form-field-1 kb-field-desk-width-100 kb-input-size-standard\"><label for=\"kb_field_142_96e48d-58_1\">Email<span class=\"required\">*<\/span><\/label><input name=\"kb_field_1\" id=\"kb_field_142_96e48d-58_1\" data-label=\"Email\" type=\"text\" placeholder=\"\" value=\"\" data-type=\"text\" class=\"kb-field kb-text-style-field kb-text-field kb-field-1\" data-required=\"yes\"\/><\/div><div class=\"kadence-blocks-form-field kb-form-field-2 kb-field-desk-width-100 kb-input-size-standard\"><label for=\"kb_field_142_96e48d-58_2\">Message<span class=\"required\">*<\/span><\/label><textarea name=\"kb_field_2\" id=\"kb_field_142_96e48d-58_2\" data-label=\"Message\" type=\"textarea\" placeholder=\"\" data-type=\"textarea\" class=\"kb-field kb-text-style-field kb-textarea-field kb-field-2\" rows=\"4\" data-required=\"yes\"><\/textarea><\/div><input type=\"hidden\" name=\"_kb_form_id\" value=\"142_96e48d-58\"\/><input type=\"hidden\" name=\"_kb_form_post_id\" value=\"142\"\/><input type=\"hidden\" name=\"action\" value=\"kb_process_ajax_submit\"\/><input type=\"hidden\" name=\"recaptcha_response\" class=\"kb_recaptcha_response kb_recaptcha_142_96e48d-58\"\/><label class=\"kadence-verify-label\">Email<input class=\"kadence-blocks-field verify\" type=\"text\" name=\"_kb_verify_email\" autocomplete=\"new-password\" aria-hidden=\"true\" placeholder=\"Email\" tabindex=\"-1\" data-1p-ignore=\"true\" data-lpignore=\"true\" \/><\/label><div class=\"kadence-blocks-form-field kb-submit-field kb-field-desk-width-100\"><button class=\"kb-forms-submit button kb-button-size-standard kb-button-width-auto\">Envoyer<\/button><\/div><\/form><\/div>\n<noscript><div class=\"kadence-blocks-form-message kadence-blocks-form-warning\">Please enable JavaScript in your browser to submit the form<\/div><style>.kadence-form-142_96e48d-58 .kadence-blocks-form-field.kb-submit-field { display: none; }<\/style><\/noscript><\/div><\/div>\n\n<\/div><\/div>\n\n\n<p><\/p>\n","protected":false},"excerpt":{"rendered":"<p>Contactez-moi. Pour toute discussion autour d&#8217;une transformation, d&#8217;un projet IA ou d&#8217;une mission de conseil, \u00e9crivez-moi directement ou r\u00e9servez un cr\u00e9neau. Mathieu Jougla Fondateur<\/p>\n","protected":false},"author":1,"featured_media":0,"parent":0,"menu_order":0,"comment_status":"closed","ping_status":"closed","template":"","meta":{"_kad_post_transparent":"","_kad_post_title":"","_kad_post_layout":"","_kad_post_sidebar_id":"","_kad_post_content_style":"","_kad_post_vertical_padding":"","_kad_post_feature":"","_kad_post_feature_position":"","_kad_post_header":false,"_kad_post_footer":false,"_kad_post_classname":"","footnotes":""},"class_list":["post-142","page","type-page","status-publish","hentry"],"_links":{"self":[{"href":"https:\/\/www.albedo-consulting.fr\/index.php?rest_route=\/wp\/v2\/pages\/142","targetHints":{"allow":["GET"]}}],"collection":[{"href":"https:\/\/www.albedo-consulting.fr\/index.php?rest_route=\/wp\/v2\/pages"}],"about":[{"href":"https:\/\/www.albedo-consulting.fr\/index.php?rest_route=\/wp\/v2\/types\/page"}],"author":[{"embeddable":true,"href":"https:\/\/www.albedo-consulting.fr\/index.php?rest_route=\/wp\/v2\/users\/1"}],"replies":[{"embeddable":true,"href":"https:\/\/www.albedo-consulting.fr\/index.php?rest_route=%2Fwp%2Fv2%2Fcomments&post=142"}],"version-history":[{"count":74,"href":"https:\/\/www.albedo-consulting.fr\/index.php?rest_route=\/wp\/v2\/pages\/142\/revisions"}],"predecessor-version":[{"id":388,"href":"https:\/\/www.albedo-consulting.fr\/index.php?rest_route=\/wp\/v2\/pages\/142\/revisions\/388"}],"wp:attachment":[{"href":"https:\/\/www.albedo-consulting.fr\/index.php?rest_route=%2Fwp%2Fv2%2Fmedia&parent=142"}],"curies":[{"name":"wp","href":"https:\/\/api.w.org\/{rel}","templated":true}]}}